lculate j(21).
-7
Let l(c) = -26*c - 4733. Calculate l(-151).
-807
Let u(v) = 2*v**3 + 55*v**2 + 97*v + 169. Give u(-26).
-325
Let j(f) = f**3 + f**2 - 915*f - 452. What is j(30)?
-2
Let u(d) = -199*d - 1060. What is u(-6)?
134
Let v(a) = a**3 - 21*a**2 + 14716*a - 293921. What is v(20)?
-1
Let v(n) = -11*n**2 - 68*n - 40. Determine v(-7).
-103
Let u(q) = q**3 - 471*q**2 + 2775*q + 6981. Calculate u(465).
6
Let a(y) = y**2 + 57041*y + 4784388. What is a(-84)?
0
Let n(j) = -14777*j + 88655. Determine n(6).
-7
Let f(z) = -50*z - 942. What is f(-25)?
308
Let g(y) = -4524*y + 22667. Give g(5).
47
Let j(p) = -2*p**2 + 1108*p + 114463. What is j(-89)?
9
Let n(w) = -5*w**3 - 150*w**2 - 9*w - 244. Determine n(-30).
26
Let c(k) = -4174912*k - 25049464. Give c(-6).
8
Let d(z) = -748*z - 18117. Determine d(-21).
-2409
Let a(m) = m**3 + 126*m**2 - 145*m - 2550. Determine a(-127).
-264
Let m(y) = 12*y**3 - 124*y**2 + 9*y + 358. Give m(10).
48
Let t(b) = 72*b**3 - 32*b**2 + 41*b + 87. Determine t(-2).
-699
Let c(r) = 2036*r - 36678. Determine c(18).
-30
Let u(d) = d**2 + 39403*d - 472981. What is u(12)?
-1
Let q(t) = t**3 - 30*t**2 - 3294*t + 3645. Determine q(-45).
0
Let z(j) = 13360*j + 66946. What is z(-5)?
146
Let j(h) = -h**3 - 75*h**2 - 167*h - 1539. What is j(-73)?
-6
Let l(h) = -3*h**3 + 119*h**2 - 789*h - 177. Give l(31).
350
Let r(k) = k**2 + 7*k - 432. Calculate r(-24).
-24
Let x(r) = 7*r**2 + 38283*r + 114856. What is x(-3)?
70
Let g(u) = -22*u**3 + 4*u**2 + 490*u + 2292. Determine g(-5).
2692
Let j(r) = -4*r**2 + 16*r + 365. What is j(-13)?
-519
Let r(o) = o**3 - 3*o**2 + 905*o - 1805. Determine r(2).
1
Let m(r) = 3*r**2 + 8434*r - 350852. What is m(41)?
-15
Let y(c) = 1687*c - 393. Give y(0).
-393
Let y(i) = -i**3 - 29*i**2 - 54*i - 1432. Give y(-29).
134
Let i(d) = -254*d - 2096. Calculate i(-10).
444
Let u(n) = -2*n**3 + 1264*n**2 + 1176*n + 56966. What is u(633)?
-4
Let x(y) = -2*y**2 + 228*y + 1407. What is x(-6)?
-33
Let i(o) = -53260*o + 2236927. What is i(42)?
7
Let s(f) = -1262*f - 7271. Calculate s(-5).
-961
Let j(k) = -390*k - 55401. Determine j(-142).
-21
Let j(m) = 736*m - 7611. What is j(11)?
485
Let i(r) = -72817*r + 364030. Determine i(5).
-55
Let v(j) = 48*j**2 - 21654*j + 2769. What is v(451)?
63
Let z(v) = 214*v - 28649. Determine z(134).
27
Let q(z) = -5*z**3 - 213*z**2 + 116*z + 1348. Calculate q(-43).
58
Let o(k) = -175*k + 2240. Determine o(11).
315
Let c(z) = 1048*z + 924. Calculate c(-1).
-124
Let w(u) = -3*u**3 - 24*u**2 + 260*u + 49. Determine w(-14).
-63
Let f(g) = -41*g**3 + 283*g**2 - 341*g + 2583. Determine f(7).
0
Let p(w) = w**2 + 268*w + 2550. Give p(-10).
-30
Let k(q) = -6*q**3 - 75*q**2 + 34*q + 42. Calculate k(-13).
107
Let w(c) = -c**3 + 526*c**2 - 540*c + 7861. Determine w(525).
-14
Let r(l) = -4*l**2 - 184*l - 166. Determine r(-55).
-2146
Let b(g) = -1259*g - 297127. What is b(-236)?
-3
Let m(l) = -10593*l - 42464. Calculate m(-4).
-92
Let d(c) = -9511*c - 9499. Determine d(-1).
12
Let s(z) = z**2 - 9213*z + 64455. What is s(7)?
13
Let w(n) = 5*n**2 + 1521*n + 266. What is w(-304)?
-38
Let c(q) = 98*q**2 + 903*q + 230. Calculate c(-9).
41
Let d(p) = -115*p + 16908. Determine d(137).
1153
Let j(u) = 185*u**3 + 460*u**2 + 11*u + 34. Calculate j(-2).
372
Let k(q) = 589*q - 108897. Determine k(185).
68
Let c(i) = 1949*i - 34888. Determine c(18).
194
Let g(p) = -40*p**2 + 72*p - 435. Determine g(7).
-1891
Let m(c) = -c**2 - 717*c - 128399. Determine m(-348).
13
Let v(n) = -n**3 + 12*n**2 - 56*n + 8. Give v(6).
-112
Let n(p) = 6*p**2 - 846*p - 1129. Calculate n(142).
-277
Let d(i) = -i**3 + 29*i**2 - 50*i + 406. Calculate d(29).
-1044
Let d(i) = -5*i**3 - 301*i**2 + 6*i + 3954. Give d(-60).
-6
Let m(i) = -51443*i + 360086. What is m(7)?
-15
Let h(u) = -6*u**3 + 68*u - 756. Give h(0).
-756
Let d(s) = -120*s - 4388. Calculate d(-31).
-668
Let a(l) = -47*l - 1498. What is a(-18)?
-652
Let a(v) = -6134*v + 2717350. Give a(443).
-12
Let u(l) = -76*l**3 - 6836*l**2 + 364*l + 386. What is u(-90)?
26
Let f(z) = -z**3 + 64*z**2 - 145*z - 11828. Give f(58).
-54
Let f(z) = -3598*z + 43086. Determine f(12).
-90
Let r(s) = -2*s**3 + 100*s**2 - 237*s + 54. Calculate r(47).
2169
Let f(o) = -3*o**2 + 3073*o + 78699. Give f(-25).
-1
Let j(d) = -2*d**3 + 1518*d**2 + 1374*d + 110965. Determine j(760).
5
Let u(c) = 3*c**3 + 27*c**2 + 10025*c + 90220. What is u(-9)?
-5
Let y(b) = b**3 - 224*b**2 + 7863*b - 3431. Calculate y(43).
9
Let p(d) = -6*d**2 + 37*d + 2360. Give p(23).
37
Let t(f) = 73*f**2 + 10149*f + 15. What is t(-139)?
-263
Let f(l) = -22*l**2 + 8758*l + 8003. What is f(399)?
23
Let g(r) = 48*r - 10869. Determine g(228).
75
Let x(f) = 56525*f + 5539449. Give x(-98).
-1
Let k(c) = -c**3 - 251*c**2 + 2295*c + 394. What is k(9)?
-11
Let y(f) = -3*f**2 - 7811*f + 102069. Calculate y(13).
19
Let u(i) = i**2 - 98*i - 204603. What is u(-406)?
21
Let g(a) = -70*a**2 - 56*a + 247. What is g(4)?
-1097
Let r(s) = 94*s**2 - 6798*s - 27199. Calculate r(-4).
1497
Let c(j) = j**3 + 204*j**2 + 356*j - 720. What is c(-3)?
21
Let n(a) = 28*a**2 + 1204*a - 1204. Determine n(1).
28
Let t(g) = 7*g**3 - 18*g**2 - 61*g + 54. Calculate t(0).
54
Let i(l) = l**3 + l**2 - 1020*l + 10268. Calculate i(10).
1168
Let r(h) = -6*h**2 + 149*h - 1318. Calculate r(21).
-835
Let x(q) = q**3 + 17*q**2 - 23*q + 277. What is x(-21)?
-1004
Let a(h) = -15*h**2 + 85*h - 44. Give a(-2).
-274
Let d(m) = -265596*m - 2655944. What is d(-10)?
16
Let v(r) = -24*r**3 - 1269*r**2 + 163*r + 212. Give v(-53).
0
Let b(j) = -16*j**3 - 5*j**2 + 46*j - 104. Give b(2).
-160
Let c(w) = -12*w**3 - 143*w**2 + 2492*w + 29821. Calculate c(-12).
61
Let g(q) = -1974*q - 1407461. Determine g(-713).
1
Let v(y) = -y**2 - 502*y - 38935. Calculate v(-96).
41
Let f(r) = -r**3 + 142*r**2 + 4158*r - 402. Calculate f(-25).
23
Let a(z) = 3788*z - 151691. Calculate a(40).
-171
Let p(o) = 1123*o - 46033. Determine p(41).
10
Let k(i) = -2*i**3 + 24*i**2 + 62*i + 73. Calculate k(14).
157
Let u(a) = -5106*a - 55794. Give u(-11).
372
Let u(t) = 164329*t**2 + 821653*t + 46. Calculate u(-5).
6
Let b(q) = -4061*q + 154333. Calculate b(38).
15
Let p(i) = -4*i**2 - 472*i - 13855. Determine p(-55).
5
Let p(l) = -55*l**3 + 26076*l**2 - 2842*l - 953. Give p(474).
-5
Let q(m) = 9*m**2 + 30066*m - 150551. Calculate q(5).
4
Let m(b) = 581*b + 1181. Give m(3).
2924
Let i(q) = -q**2 + 23*q + 1158. What is i(-34)?
-780
Let z(v) = 33*v**2 - 558*v - 1132. Give z(-2).
116
Let g(y) = -30595*y + 122523. Give g(4).
143
Let t(d) = 1399*d + 28009. Give t(-20).
29
Let a(d) = 4566*d**2 + 31954*d - 28. Determine a(-7).
28
Let p(v) = -v**3 - 93*v**2 + 86*v + 8020. Determine p(-93).
22
Let m(x) = -898572*x - 1797136. Calculate m(-2).
8
Let b(v) = 4*v**3 - 18*v**2 - 126*v + 893. Give b(6).
353
Let b(z) = z**3 - 345*z**2 - 1190*z + 50821. Give b(348).
13
Let i(w) = 6*w**3 - 38*w**2 + 157*w + 4. Give i(4).
408
Let d(t) = -t**2 + 115*t + 577. Calculate d(121).
-149
Let m(q) = -1477*q - 38225. Determine m(-26).
177
Let m(v) = 41*v**2 - 6306*v + 5046. Give m(153).
-3
Let f(w) = -1172*w - 88451. What is f(-73)?
-2895
Let u(r) = -6*r**3 + 8*r**2 + 68*r - 8. What is u(6)?
-608
Let w(v) = -49*v**3 - 487*v**2 - 47*v - 580. Give w(-10).
190
Let x(j) = 185440*j + 23921759. Calculate x(-129).
-1
Let p(d) = d**3 + 87*d**2 + 1242*d + 2473. What is p(-15)?
43
Let o(h) = 54*h**2 + 1392*h + 8969. Determine o(-13).
-1
Let y(w) = w**2 + 112*w - 3106. Calculate y(-135).
-1
Let q(w) = 47*w**2 - 446*w + 213. Determine q(9).
6
Let z(m) = 1696*m + 66322. Calculate z(-39).
178
Let v(z) = 1409*z - 435357. Determine v(309).
24
Let w(r) = 2*r**2 + 203*r + 4635. What is w(-36)?
-81
Let s(x) = -x**3 - 171*x**2 - 869*x + 1023. What is s(-6)?
297
Let o(z) = -36633*z + 3773200. Give o(103).
1
Let z(l) = -811263*l + 4056323. What is z(5)?
8
Let b(q) = -294*q + 75377. Determine b(259).
-769
Let y(f) = -f**3 - 19*f**2 + 33*f + 806. Calculate y(-15).
-589
Let k(g) = 2*g**3 - 90*g**2 + 665*g + 22. What is k(7)?
953
Let h(q) = q**3 + 10*q**2 - 736*q + 813. Calculate h(-33).
54
Let g(b) = 13*b**3 + 5286*b**2 + 3242*b - 2415. What is g(-406)?
21
Let f(l) = -12*l**3 - 11*l**2 - 89*l - 403. Determine f(-5).
1267
Let w(z) = -49610*z - 396879. What is w(-8)?
1
Let d(w